134009?
29
Calculate the highest common divisor of 96 and 462048.
96
What is the highest common divisor of 29583 and 9?
9
Calculate the greatest common divisor of 1093600 and 1600.
800
What is the greatest common divisor of 41 and 34300026?
41
Calculate the highest common factor of 3277 and 195942.
113
Calculate the highest common divisor of 109224 and 3608.
328
What is the greatest common divisor of 40 and 3700760?
40
What is the highest common divisor of 19719 and 6993?
63
What is the highest common divisor of 2976913 and 2611?
373
What is the highest common divisor of 29915 and 620?
155
Calculate the greatest common factor of 463774 and 134.
134
What is the highest common divisor of 141776 and 32?
16
Calculate the greatest common factor of 80028 and 1989.
117
What is the greatest common factor of 1954240 and 620?
620
What is the greatest common factor of 2437920 and 240?
240
What is the greatest common divisor of 119 and 191488?
17
Calculate the greatest common divisor of 2061285 and 15.
15
What is the highest common divisor of 344 and 66136?
8
What is the greatest common factor of 1064 and 10944?
152
Calculate the highest common divisor of 43605 and 12240.
765
Calculate the greatest common factor of 140 and 2255.
5
What is the highest common factor of 107 and 509213?
107
Calculate the greatest common factor of 200418 and 6.
6
What is the highest common factor of 21 and 3934?
7
What is the greatest common divisor of 11481 and 47615?
89
Calculate the highest common divisor of 2732656 and 404.
404
What is the greatest common factor of 660 and 13870?
10
What is the greatest common divisor of 112 and 782824?
56
Calculate the highest common divisor of 1206 and 28676.
134
Calculate the greatest common factor of 27330 and 240.
30
What is the greatest common divisor of 93092 and 13838?
1258
What is the highest common divisor of 58812 and 33124?
676
What is the highest common divisor of 14603 and 493?
17
What is the highest common factor of 17719 and 13949?
377
What is the highest common factor of 1085 and 775?
155
What is the greatest common divisor of 122 and 36844?
122
What is the greatest common divisor of 4888 and 30472?
104
What is the highest common factor of 47484 and 72?
36
What is the highest common factor of 2 and 44391?
1
What is the greatest common factor of 9407 and 115?
23
Calculate the highest common factor of 54873 and 279993.
1407
What is the greatest common divisor of 245380 and 20?
20
What is the highest common divisor of 49 and 57561?
7
Calculate the highest common factor of 134085 and 21.
21
What is the highest common divisor of 54 and 215970?
6
Calculate the greatest common factor of 15 and 10055.
5
What is the greatest common factor of 2483 and 3679?
13
What is the greatest common divisor of 7480 and 1309?
187
What is the greatest common factor of 2156 and 162932?
308
Calculate the greatest common divisor of 47 and 1198547.
47
Calculate the greatest common factor of 45512 and 16.
8
What is the highest common divisor of 39787 and 55?
11
What is the greatest common factor of 1375 and 11825?
275
What is the greatest common divisor of 180 and 1930?
10
Calculate the highest common divisor of 12200 and 34.
2
Calculate the highest common factor of 438610 and 460.
230
Calculate the greatest common divisor of 696 and 14568.
24
What is the highest common factor of 28 and 19156?
4
Calculate the greatest common factor of 724 and 181.
181
Calculate the highest common factor of 75 and 310550.
25
What is the highest common divisor of 886 and 224?
2
What is the greatest common divisor of 468273 and 39?
39
Calculate the highest common factor of 34239 and 5151.
303
What is the highest common factor of 6794 and 632?
158
What is the highest common divisor of 133 and 123711?
7
What is the highest common divisor of 268 and 378?
2
What is the highest common factor of 91102 and 22?
22
Calculate the greatest common divisor of 8330697 and 459.
153
Calculate the greatest common factor of 510172 and 13.
13
Calculate the greatest common divisor of 43336 and 56.
8
Calculate the greatest common divisor of 4928 and 46024.
88
Calculate the highest common divisor of 4674 and 114.
114
Calculate the greatest common factor of 2781 and 2619.
27
What is the greatest common factor of 2197 and 9984?
13
What is the highest common factor of 20 and 2988820?
20
Calculate the greatest common divisor of 11312 and 308.
28
What is the highest common factor of 47423 and 705?
47
What is the highest common divisor of 3851670 and 30?
30
What is the highest common factor of 1660 and 43492?
332
What is the greatest common divisor of 120540 and 58380?
420
Calculate the highest common divisor of 1445 and 20.
5
What is the greatest common factor of 913 and 6889?
83
What is the greatest common factor of 8979 and 24747?
219
Calculate the greatest common factor of 25 and 12965.
5
Calculate the greatest common divisor of 153 and 118694.
17
Calculate the greatest common factor of 68 and 756.
4
Calculate the greatest common divisor of 14 and 66514.
14
Calculate the highest common divisor of 15009 and 3.
3
What is the highest common factor of 16896 and 66?
66
Calculate the highest common divisor of 332906 and 86.
86
Calculate the greatest common divisor of 125378 and 209.
11
What is the greatest common factor of 1307 and 6?
1
What is the highest common divisor of 28003 and 26637?
683
Calculate the highest common divisor of 1476 and 11890.
82
What is the greatest common divisor of 40414 and 3006?
334
Calculate the greatest common factor of 924 and 12243.
231
Calculate the greatest common factor of 68390 and 154.
14
Calculate the highest common divisor of 155196 and 81.
81
What is the highest common factor of 20 and 5444?
4
What is the greatest common factor of 327 and 1373727?
327
What is the greatest common factor of 4 and 17023?
1
Calculate the highest common factor of 31200 and 57850.
650
Calculate the greatest common divisor of 211598 and 439.
439
Calculate the greatest common factor of 10740 and 285.
15
What is the greatest common divisor of 8 and 10228?
4
Calculate the highest common factor of 3363 and 4047.
57
Calculate the highest common divisor of 10314 and 72.
18
What is the highest common divisor of 16559 and 29?
29
What is the greatest common divisor of 61 and 59963?
61
Calculate the greatest common factor of 4 and 209353.
1
Calculate the highest common factor of 116919 and 1188.
99
Calculate the highest common divisor of 5910 and 2175.
15
What is the highest common factor of 56 and 2855584?
8
What is the greatest common factor of 207 and 35075?
23
Calculate the highest common divisor of 4465986 and 5537.
791
Calculate the greatest common divisor of 80 and 13530.
10
Calculate the highest common factor of 20837 and 737.
67
Calculate the greatest common divisor of 6187 and 10327.
23
Calculate the greatest common factor of 120006 and 30798.
1062
What is the highest common factor of 10266 and 105966?
174
What is the greatest common divisor of 152 and 12008?
152
Calculate the greatest common factor of 78288 and 280.
56
Calculate the highest common factor of 69 and 58857.
69
Calculate the highest common factor of 9072 and 1536.
48
What is the highest common factor of 14 and 4750928?
14
Calculate the highest common divisor of 3828 and 30972.
348
What is the highest common divisor of 2563 and 6875?
11
What is the highest common factor of 71448 and 312?
312
Calculate the highest common divisor of 26 and 34541.
13
Calculate the greatest common factor of 211650 and 34.
34
Calculate the greatest common divisor of 82 and 3913327.
41
Calculate the highest common divisor of 120 and 83112.
24
What is the highest common factor of 3600976 and 32?
16
Calculate the greatest common factor of 1805 and 56335.
95
Calculate the greatest common factor of 1 and 676241.
1
What is the highest common factor of 21 and 3446919?
21
Calculate the highest common divisor of 104 and 382252.
52
Calculate the greatest common factor of 90 and 2331330.
30
Calculate the highest common factor of 4536 and 1270836.
756
What is the greatest common divisor of 14342 and 3692?
142
Calculate the highest common divisor of 546 and 870051.
273
Calculate the highest common divisor of 156 and 2426034.
78
Calculate the highest c